37. Let o be a(-16). Suppose -3*q = -r - 4*r + 1048, o*q = -5. What is the units digit of r?
9
Let p = 234 - 232. What is the hundreds digit of (p/7)/((-4)/(-6104))?
4
Let p = 26827 + -16873. What is the tens digit of p?
5
Let q(h) = h - 1. Let p be q(1). Let z be (-3 - -2) + 2 - (p - 104). Suppose 5*u = 3*s - 105, -s - 2*s - 2*u = -z. What is the units digit of s?
5
Let v(t) = -5433*t - 21. What is the thousands digit of v(-2)?
0
Suppose 3 - 30 = -3*z. Suppose q - 5*y + z = 0, y = q - 5*q + 6. What is the hundreds digit of q - ((-3)/4 - (-8145)/(-36))?
2
What is the units digit of (1550688/290)/(2/(120/9))?
8
Let r(u) = 14*u + 59. Let n be r(7). Suppose n*l - 166*l = -11556. What is the tens digit of l?
8
Suppose 38*g = -27*g + 1995110. What is the tens digit of g?
9
Let q(s) = -10*s + 1. Let j be q(2). Let z(a) = -10*a**2 - 3 + 5*a + 9*a - 8*a**2 - a - a**3. What is the units digit of z(j)?
1
Suppose 2*r - 30564 = -g, 8*r = -3*g - 4283 + 126533. What is the tens digit of r?
7
Suppose -19*h = -17*h + 852. Let g = h - -1039. What is the units digit of g?
3
Let t = -15 + 15. Suppose t = -3*r + 173 + 1189. Suppose 441 = 5*g - r. What is the tens digit of g?
7
Suppose -145273 = -21*n - 739 + 87957. What is the hundreds digit of n?
0
Let a be 48482/24*2 - (-14)/(-84). Suppose -2020 = -2*y - 5*n, 2*n = -0*y - 4*y + a. Suppose 11*z = 16*z - y. What is the units digit of z?
2
Suppose 2*a - 5*a = -1902. Let x be 2*a/6 + (-18)/54. Suppose -5*o + x = -294. What is the hundreds digit of o?
1
Suppose -8003 - 14686 = -9*s. Suppose 3*o = -5*m + s, -4*m + 554 = -4*o - 1482. What is the hundreds digit of m?
5
Suppose -4*q = -c + 1829 - 7719, -2*c + 4 = 0. What is the hundreds digit of q?
4
Suppose -3*r = 3*a - 0*r - 3747, r + 1 = 0. What is the units digit of a?
0
Let k(q) = 1811*q + 6111. What is the hundreds digit of k(6)?
9
Suppose 0 = -3*p - 12, 11 = 2*x + 5*p - 3. Suppose -x*g + 4353 + 9264 = 0. What is the hundreds digit of g?
8
Let z = 31 - 45. Suppose -16 = 9*a + 92. Let w = a - z. What is the units digit of w?
2
Let i be 203525/65 + 4/(-26). Suppose 7*d + 730 = i. What is the hundreds digit of d?
3
Suppose -113*n + 116*n + 3*u - 6 = 0, 3*n - 13 = 4*u. Suppose n*v + 3*x - 492 = -15, 2*v + 3*x = 323. What is the units digit of v?
4
Let w = -33 - -1475. Let n = w + -938. What is the units digit of n?
4
What is the units digit of ((-286)/(-6))/(34/1530)?
5
Suppose 533 = 4*v - 3*m, 6*v - m - 269 = 4*v. Let x = -85 + v. What is the tens digit of x?
5
Suppose -b - 3498 = -4*g, g + 5*b = 10*b + 884. Let v = 1648 - g. What is the units digit of v?
4
Let n(x) = 5*x**3 + x**2 - 3*x + 1. Let y be n(-5). Let j = 380 + y. Let o = j + 285. What is the units digit of o?
1
What is the hundreds digit of ((-80)/14)/(-21 + 1142875/54425)?
2
Let b(f) be the second derivative of 5*f**3/6 - 9*f**2/2 - 2*f. Let z be b(3). Suppose -1170 = -4*t - z*t. What is the units digit of t?
7
What is the thousands digit of 24143*392/490*15/14?
0
Let b(m) = -37*m**3 - 32*m**2 - 188*m - 4. What is the ten thousands digit of b(-7)?
1
Suppose 964608 = -257*z + 321*z. What is the units digit of z?
2
Let l(m) = -m**3 - 24*m**2 - 110*m + 143. What is the units digit of l(-30)?
3
Let s be (-2 - -2) + (15 - 1). Suppose 0 = 2*y - u + 123, 5*y + 4*u = -90 - 237. What is the tens digit of (-5508)/y - (-1)/(s/(-6))?
8
Let t(m) be the third derivative of -293*m**4/24 - 2*m**3/3 - 26*m**2. Let x be t(-3). Suppose 0 = 13*c - 2890 + x. What is the hundreds digit of c?
1
Let c be ((-11)/(-11))/((-447)/(-225) + -2). Let i = -47 - c. Suppose i*b - 34*b + 942 = 0. What is the tens digit of b?
5
Let h(v) = 3*v**2 + 91*v + 136. Let u(a) = 7*a - 98. Let y be u(8). What is the units digit of h(y)?
6
Suppose 3*a - a + 14 = -4*v, 0 = -2*a - 2*v - 4. Suppose 5*u + 440 - 2145 = 2*j, 0 = -2*u - a*j + 682. What is the units digit of u?
1
What is the hundreds digit of ((-73857)/6)/((-211)/422)?
6
Suppose 7*i - 2*i + 2*r - 2 = 0, -i + 5*r = -22. Let l(g) = g**2 + 5*g - 12. Let b be l(i). What is the tens digit of b*(1/(-3))/((-7)/210)?
2
Suppose 3*l - l - 2941 = 5*v, -4*l - 5*v + 5927 = 0. Suppose -3*h = 5*w - 4*h - l, -4*w - 2*h = -1174. What is the tens digit of w?
9
Let n be 1*(-1185)/(-7 - -2). Suppose -r - f + n - 10 = 0, 2*r = -5*f + 448. Suppose -y + r = 66. What is the tens digit of y?
6
Suppose -23*q + 12*q = 0. Suppose s - 32 = -q*s + 4*a, -4*s = -2*a - 198. What is the tens digit of s?
5
Let i(v) be the second derivative of -v**4/12 - 2*v**3/3 + 4*v**2 - 3*v. Let x be i(-5). Suppose x*w - 6*w = -222. What is the units digit of w?
4
Let a(h) = -h - 1. Let m be a(-2). Let i(r) = -r**3 + 8*r**2 - r + 11. Let d be i(8). What is the tens digit of (3/m)/(d + (-76)/26)?
3
Let j = -21 + 21. Suppose 6*g - 5*g - 375 = j. What is the units digit of g?
5
Let t be 2/(-6)*45/(-1) - -3. Let w = -97 + t. What is the units digit of 1 - (-2)/(w/40 - -2)?
1
Suppose 5*f + 6*f = 11. Let g be (64/(-3) - f)*-3. Suppose -20 = -2*m - 3*m, h + 2*m = g. What is the tens digit of h?
5
Let l(y) = -3*y**2 - 84*y + 20. Let f be l(-28). Suppose -10*q = -6*q - f, -q = 5*a - 1200. What is the units digit of a?
9
Let l(o) = o**2 + 6*o + 25. Let n be l(-4). Let b = 51 + n. What is the units digit of b?
8
Let c(s) = -s**3 - 8*s**2 - 4*s + 8. Suppose -7*x + 11*x = -32. Let o be c(x). Suppose o + 82 = 2*u. What is the units digit of u?
1
Suppose 1067360 = 49*c + 31*c. What is the tens digit of c?
4
Let x(g) = 15*g + 225. Let w be x(24). Let u = w - 349. What is the hundreds digit of u?
2
Suppose 0 = 2*x + 3*b - 5, -5*x + 14*b - 10*b = -70. What is the hundreds digit of ((-10)/x)/(3/(-996))?
3
Suppose -o - 2 = -2*o. Suppose -480 + 1644 = -o*u. What is the units digit of (9/(27/u))/(-2)?
7
Let q(f) be the first derivative of 3*f**5/5 - f**4/3 + f**3/3 - 30*f - 36. Let d(p) be the first derivative of q(p). What is the units digit of d(2)?
4
Let t(y) = 5*y**2 - 2*y - 27. Let s be t(-3). What is the hundreds digit of 7665/14*s/15?
8
Let b = -568 - -961. Suppose -4*l - 826 = -2*x, x - 44*l - b = -46*l. What is the units digit of x?
3
Let w = 4700 + -2823. Suppose -4623 = -10*f + w. What is the tens digit of f?
5
Let x = 49 + -47. Suppose -5*t = g - 8, -g + 4 = -5*t + x*g. What is the units digit of -4 + (-3 - t) + 75?
7
Let p(k) = 30*k**2 + 3*k + 8*k**2 + 11*k**2 - 5 - 2*k. What is the units digit of p(-2)?
9
Suppose 1399*l = 1419*l - 4980. What is the hundreds digit of l?
2
Suppose -9*r + 3223 = -20*r. Let x = r + 627. What is the hundreds digit of x?
3
Let y(p) = -p**3 + 63*p**2 - 122*p - 61. What is the thousands digit of y(55)?
7
Suppose 0*p - p = -4*l + 24, p + 19 = 3*l. Let o be (1 - 2 - -4)/(l/635). Suppose -4*q = -s - s + 186, 4*s + q - o = 0. What is the units digit of s?
5
What is the hundreds digit of (-1166)/77 - -16 - (-5986)/7?
8
Suppose 4*v - 6*v = -4*x - 456, 2*x + 1124 = 5*v. Suppose -112*g + 110*g - v = 0. Let j = 122 + g. What is the units digit of j?
0
Suppose 86 = 6*b - 160. Let a = b + -37. Let o = a + 8. What is the units digit of o?
2
Let x be (-1)/((-10)/446) + 12/(-20). Suppose 2*b - s - s + 24 = 0, x = -3*b + 5*s. Let t = b - -25. What is the tens digit of t?
1
Suppose -2*k = -2*k - k. Suppose k = 18*j - 25*j + 1792. What is the hundreds digit of j?
2
Suppose 0 = 2*k + 12, 5*a - 176*k = -173*k + 41813. What is the tens digit of a?
5
Let i(b) = b**3 + 15*b**2 - 3*b - 15. Let g be i(-15). Suppose -g*h - 5698 = -44*h. What is the units digit of h?
7
What is the ten thousands digit of 4 + (-44602)/(-3) - (-50)/30?
1
Let o(h) = h**2 - 21*h + 122. Let l be o(12). Let w(u) = -9*u - 5*u - 28 + 16*u**2 - u**3 + u. What is the tens digit of w(l)?
8
Suppose 0 = -2*g - 415 + 11755. What is the hundreds digit of g?
6
Let i(d) = d**3 + 3*d**2 + 6*d + 22. Let l be i(-3). Suppose l*w = 3*b - 331, 0*w = -5*b - w + 521. What is the hundreds digit of b?
1
Let n(a) = -a**3 + 8*a**2 - 11*a - 5. Let g be n(5). Let y be 1*5*6/g + -83. Let m = -34 - y. What is the units digit of m?
7
Let o = -63726 + 96467. What is the units digit of o?
1
Suppose -67261 = 2*z - 5*z - 5*j, 5*z - 112115 = -5*j. What is the tens digit of z?
2
What is the thousands digit of -7 + (0 - (10 - 14817))?
4
Suppose -2*v - 2*v = 2*b - 4, -4*b = 4*v - 12. Suppose -34 = -b*